{"id":125,"date":"2022-01-02T10:50:43","date_gmt":"2022-01-02T10:50:43","guid":{"rendered":"http:\/\/terapiabolu.org\/?page_id=125"},"modified":"2026-01-25T13:55:44","modified_gmt":"2026-01-25T13:55:44","slug":"o-mnie","status":"publish","type":"page","link":"http:\/\/terapiabolu.org\/index.php\/o-mnie\/","title":{"rendered":"O mnie"},"content":{"rendered":"\n<blockquote class=\"wp-block-quote is-style-large is-layout-flow wp-block-quote-is-layout-flow\">\n<p>W konfrontacji strumienia ze ska\u0142\u0105 strumie\u0144 zawsze wygrywa nie przez sw\u0105 si\u0142\u0119 lecz przez swoj\u0105 wytrwa\u0142o\u015b\u0107<\/p>\n<cite>Budda<\/cite><\/blockquote>\n\n\n\n<p>Osteopata D.O. mgr <strong>Grzegorz Rybczy\u0144ski<\/strong><br>Mistrz Naturopatii<br>Terapeuta Manualny Modelu Holistycznego<\/p>\n\n\n\n<p>Gabinet Naturoterapii<br>Krzy\u017c Wlkp. Wojska Polskiego 73<br>tel. <strong>691929048<\/strong><\/p>\n\n\n\n<figure class=\"wp-block-image size-large\"><img loading=\"lazy\" decoding=\"async\" width=\"927\" height=\"1024\" src=\"http:\/\/terapiabolu.org\/wp-content\/uploads\/2021\/12\/grzegorz_rybczynski_medycyna_manualna_0011-1-927x1024.jpg\" alt=\"Grzegorz Rybczy\u0144ski\" class=\"wp-image-114\" srcset=\"http:\/\/terapiabolu.org\/wp-content\/uploads\/2021\/12\/grzegorz_rybczynski_medycyna_manualna_0011-1-927x1024.jpg 927w, http:\/\/terapiabolu.org\/wp-content\/uploads\/2021\/12\/grzegorz_rybczynski_medycyna_manualna_0011-1-271x300.jpg 271w, http:\/\/terapiabolu.org\/wp-content\/uploads\/2021\/12\/grzegorz_rybczynski_medycyna_manualna_0011-1-768x849.jpg 768w, http:\/\/terapiabolu.org\/wp-content\/uploads\/2021\/12\/grzegorz_rybczynski_medycyna_manualna_0011-1-1390x1536.jpg 1390w, http:\/\/terapiabolu.org\/wp-content\/uploads\/2021\/12\/grzegorz_rybczynski_medycyna_manualna_0011-1.jpg 1762w\" sizes=\"auto, (max-width: 927px) 100vw, 927px\" \/><\/figure>\n\n\n\n<p><strong>Jestem Osteopat\u0105 oraz certyfikowanym terapeut\u0105 manualnym, a przede wszystkim specjalist\u0105 medycyny naturalnej.<\/strong> Od czas\u00f3w dzieci\u0144stwa by\u0142em obserwatorem r\u00f3\u017cnych metod naturolecznictwa, interesowa\u0142em si\u0119 kultur\u0105 dalekiego wschodu a w tym przede wszystkim Tradycyjn\u0105 Medycyn\u0105 Chi\u0144sk\u0105 oraz S\u0142owia\u0144sk\u0105 Medycyn\u0105 Ludow\u0105.<\/p>\n\n\n\n<p>Trenuj\u0105c od 1990 roku r\u00f3\u017cne sporty walki w pewnym momencie stwierdzi\u0142em, \u017ce uszkodzi\u0107 cia\u0142o jest bardzo \u0142atwo natomiast trudniej naprawi\u0107.<\/p>\n\n\n\n<p>Obecnie swoje zainteresowania rozszerzam pog\u0142\u0119biaj\u0105c wiedz\u0119 praktyczn\u0105 i teoretyczn\u0105 wielu skutecznych metod naturolecznictwa w tym Medycyny Ludowej. Osi\u0105gni\u0119cia w terapii zbudowane s\u0105 na do\u015bwiadczeniu w skuteczno\u015bci podejmowanych zabieg\u00f3w. Co zaowocowa\u0142o powstaniem bardzo oryginalnej koncepcji terapeutycznej. Od wielu lat zajmuje si\u0119 leczeniem b\u00f3l\u00f3w kr\u0119gos\u0142upa i staw\u00f3w ko\u0144czyn. W kr\u0119gu moich zainteresowa\u0144 pr\u00f3cz b\u00f3l\u00f3w kr\u0119gos\u0142upa znajduje si\u0119 terapia zaburze\u0144 czynno\u015bciowych narz\u0105d\u00f3w wewn\u0119trznych, uk\u0142adu nerwowego, b\u00f3l\u00f3w przed i pooperacyjnych kr\u0119gos\u0142upa, b\u00f3l\u00f3w fantomowych (b\u00f3l\u00f3w po amputacji ko\u0144czyn), b\u00f3l\u00f3w migrenowych g\u0142owy i innych. Podejmuje tak\u017ce pr\u00f3by terapii b\u00f3l\u00f3w kr\u0119gos\u0142upa zakwalifikowanych do leczenia operacyjnego. By\u0142em uczestnikiem licznych kurs\u00f3w z dziedziny terapii manualnej, chiropraktyki, osteopatii, kr\u0119garstwa, akupunktury, tradycyjnej medycyny chi\u0144skiej i rehabilitacji neurofizjologicznej o uznaniu mi\u0119dzynarodowym, jednak to nie \u017cadne kursy tylko sam pacjent jest dla mnie najlepszym nauczycielem, od kt\u00f3rego mog\u0119 czerpa\u0107 wiedz\u0119 niedost\u0119pn\u0105 na \u017cadnym szkoleniu. Jestem tak\u017ce bardzo wdzi\u0119czny moim nauczycielom, jednym z nich jest lek. ortopeda Rados\u0142aw Sk\u0142adowski, kt\u00f3ry utwierdzi\u0142 we mnie powy\u017csze twierdzenie.<\/p>\n\n\n\n<p><strong>Specjalno\u015b\u0107: <\/strong>leczenie trudnych przypadk\u00f3w dolegliwo\u015bci b\u00f3lowych m. in.<\/p>\n\n\n\n<ul class=\"wp-block-list\">\n<li>b\u00f3le pooperacyjne, <\/li>\n\n\n\n<li>b\u00f3le poamputacyjne,<\/li>\n\n\n\n<li>b\u00f3le o niezdiagnozowanej etiologii,<\/li>\n\n\n\n<li>b\u00f3le w zaawansowanych stadiach chor\u00f3b zwyrodnieniowych, ostrych i przewlek\u0142ych b\u00f3lach kr\u0119gos\u0142upa,<\/li>\n\n\n\n<li>przeci\u0105\u017cenia i kontuzje w sporcie amatorskim i wyczynowym,<\/li>\n\n\n\n<li>terapia zaburze\u0144 rozwojowych u dzieci.<\/li>\n<\/ul>\n\n\n\n<p>Zawsze staram si\u0119 osi\u0105gn\u0105\u0107 cel. W terapii nie ma dla mnie ogranicze\u0144 natomiast potwierdzeniem efektywno\u015bci leczenia jest skuteczno\u015b\u0107. Nigdy nie zostawiam pacjenta samemu sobie ze swoimi dolegliwo\u015bciami.<\/p>\n\n\n\n<p>Wykorzystanie medycyny manualnej i akupunktury nie ogranicza si\u0119 tylko do leczenia dolegliowo\u015bci b\u00f3lowych, znakomite efekty terapeutyczne osi\u0105ga si\u0119 w terapii zaburze\u0144 rozwojowych dzieci i m\u0142odzie\u017cy, schorze\u0144 reumatycznych oraz schorze\u0144 neurologicznych t.jak, udar m\u00f3zgu, \u015bpi\u0105czki, neuroborelioza, SLA, SM, choroba Parkinsona.<\/p>\n\n\n\n<p>Obecnie ze wzgl\u0119du na dzia\u0142alno\u015b\u0107 praktyczn\u0105, kt\u00f3ra poch\u0142ania du\u017c\u0105 ilo\u015b\u0107 czasu oraz czas dla rodziny, nie po\u015bwi\u0119cam si\u0119 pisaniu artyku\u0142\u00f3w ani dzia\u0142alno\u015bci naukowej. <strong>Prowadz\u0119 tak\u017ce autorskie kursy<\/strong> integruj\u0105ce zabiegi Osteopatii z Medycyn\u0105 Ludow\u0105, ig\u0142oterapi\u0105, akupunktur\u0105, zio\u0142olecznictwem wg Tradycyjnej Medycyny Chi\u0144skiej jak i Zio\u0142olecznictwem Europejskim.<\/p>\n\n\n\n<div style=\"height:40px\" aria-hidden=\"true\" class=\"wp-block-spacer\"><\/div>\n\n\n\n<p><strong>Moja oferta skierowana jest do wszystkich grup Pacjent\u00f3w ze schorzeniami aparatu ruchu, centralnego uk\u0142adu nerwowego oraz pozosta\u0142ych uk\u0142ad\u00f3w w organizmie cz\u0142owieka.<\/strong><\/p>\n\n\n\n<div style=\"height:40px\" aria-hidden=\"true\" class=\"wp-block-spacer\"><\/div>\n\n\n\n<p><strong>Kwalifikacje i uko\u0144czone szko\u0142y:<\/strong><\/p>\n\n\n\n<ul class=\"wp-block-list\">\n<li>AWF Pozna\u0144- Instytut Wychowania Fizycznego w Gorzowie Wlkp. &#8211; studia magisterskie Wychowanie Fizyczne<\/li>\n\n\n\n<li>Intytut Kultury Fizycznej w Gorzowie Wielkopolskim &#8211; studia podyplomowe Gimnastyka Korekcyjno kompensacyjna 2003 -2004<\/li>\n\n\n\n<li>Wydzia\u0142 Wychowania Fizycznego i Fizjoterapii Politechniki Opolskiej &#8211; studia licencjackie fizjoterapia<\/li>\n\n\n\n<li>Akademia Wychowania Fizycznego w Poznaniu &#8211; studia magisterskie fizjoterapia<\/li>\n\n\n\n<li>OSTEOPATIA w Osteopathie Schule Deutchland<\/li>\n\n\n\n<li>Fitoterapia i Zielarstwo WSNOZ Bydgoszcz<\/li>\n\n\n\n<li>Fizjoterapia zwierz\u0105t -Zachodniopomorski Uniwersytet Technologiczny <\/li>\n<\/ul>\n\n\n\n<p><strong>Kursy:<\/strong><\/p>\n\n\n\n<ul class=\"wp-block-list\">\n<li>Ratownik WOPR<\/li>\n\n\n\n<li>Instrukor dyscypliny sportu w P\u0142ywaniu<\/li>\n\n\n\n<li>Instruktor sportu Karate Kyokushin<\/li>\n\n\n\n<li>Instruktor sportu Ju Jitsu<\/li>\n\n\n\n<li>Instruktor Samoobrony<\/li>\n\n\n\n<li>Instruktor Systemy<\/li>\n\n\n\n<li>Kurs Kwalifikowana Pierwsza Pomoc<\/li>\n\n\n\n<li>Osteopatia strukturalna i chiropraktyka wg dr Ackermana<\/li>\n\n\n\n<li>Techniki nerwowo &#8211; mi\u0119\u015bniowe wg szko\u0142y Praskiej<\/li>\n\n\n\n<li>Terapia neurorozwojowa dzieci z deficytem neurologicznym<\/li>\n\n\n\n<li>Szkolenie podyplomowe dla lekarzy i magistr\u00f3w fizjoterapii 320 godzin &#8211; Terapia Manualna Holistyczna zako\u0144czone egzaminem nadaj\u0105cym tytu\u0142 terapeuty manualnego<\/li>\n\n\n\n<li>Dynamic Neuromuscular Stabilization DNS<\/li>\n\n\n\n<li>Wielop\u0142aszczyznowa manualna terapia wad st\u00f3p u dzieci &#8211; Barbara Zukunft Huber<\/li>\n\n\n\n<li>Biomechanika stopy, badanie stopy pod k\u0105tem wyboru wk\u0142adek ortopedycznych, dobranie i monta\u017c wk\u0142adek ortopedycznych ICB.<\/li>\n\n\n\n<li>5 letnie studia Osteopatii w Osteopathie Schule Deutschland<\/li>\n\n\n\n<li>2 letnie studia Osteopatia pediatryczna w Osteopathie Shule Deutschland<\/li>\n\n\n\n<li>Tradycyjna Medycyna Chi\u0144ska &#8211; zio\u0142olecznistwo i akupunktura<\/li>\n\n\n\n<li>Taping w sporcie i rehabilitacji<\/li>\n\n\n\n<li>Terapia Cranio &#8211; Sacralna <strong>UPLEDGERA<\/strong><\/li>\n\n\n\n<li>Cykl szkole\u0144 osteopatycznych w Instytucie Barrala:\n<ul class=\"wp-block-list\">\n<li>Manipulacje wisceralne 1 brzuch<\/li>\n\n\n\n<li>Manipulacje wisceralne 2 brzuch<\/li>\n\n\n\n<li>Manipulacje wisceralne 3 miednica<\/li>\n\n\n\n<li>Manipulacje wisceralne 4 klatka piersiowa<\/li>\n\n\n\n<li>Manipulacje wisceralne 5 manualne termodiagnozowanie i nas\u0142uch trzewny emocjonalny,<\/li>\n\n\n\n<li>Manipulacje wisceralne w Pediatrii,<\/li>\n\n\n\n<li>Manipulacje w obr\u0119bie uk\u0142adu nerwowego 1 &#8211; zintegrowane podej\u015bcie do traumy,<\/li>\n\n\n\n<li>Manipulacje Nerwowe 2 &#8211; ko\u0144czyna g\u00f3rna,<\/li>\n\n\n\n<li>Manipulacje Nerwowe 3- ko\u0144czyna dolna,<\/li>\n\n\n\n<li>Manipulacje Nerwowe 4- nerwy czaszkowe,<\/li>\n\n\n\n<li>Manipulacje Trzewno- Naczyniowe,<\/li>\n\n\n\n<li>Manipulacj\u0119 Trzewno -Naczyniowe, G\u00f3rna po\u0142owa cia\u0142a,<\/li>\n\n\n\n<li>Manipulacje Trzewno- Naczyniowe &#8211; Dolna po\u0142owa cia\u0142a<\/li>\n\n\n\n<li>Manipulacje Nerwowo Trzewne w obr\u0119bie klatki piersiowej i brzucha,<\/li>\n\n\n\n<li>Uk\u0142ad limfatyczny &#8211; r\u00f3wnowa\u017cenie trzewno limfatyczne<\/li>\n\n\n\n<li>Nowa Manualna Terapia Staw\u00f3w 1 ko\u0144czyna g\u00f3rn\u0105,<\/li>\n\n\n\n<li>Nowa Manualna Terapia Staw\u00f3w 2 ko\u0144czyna dolna,<\/li>\n\n\n\n<li>Nowa Manualna Terapia Staw\u00f3w 3 miednica, kr\u0119gos\u0142up,<\/li>\n\n\n\n<li>Nas\u0142uch.<\/li>\n\n\n\n<li>Uk\u0142ad limfatyczny, p\u0142yny,<\/li>\n\n\n\n<li>Zaawansowane manipulacje wisceralne: m\u00f3zg&#8230;<\/li>\n<\/ul>\n<\/li>\n\n\n\n<li>Endocranial spazm 1- leczenie osteopatyczne pacjent\u00f3w po wstrz\u0105\u015bnieniu i urazie m\u00f3zgu<\/li>\n\n\n\n<li>Endocranial spazm 2-osteopatyczne leczenie pacjent\u00f3w po traumie emocjonalnej<\/li>\n\n\n\n<li>Endocranial spazm 3- praca z traum\u0105 eoigenetyczn\u0105<\/li>\n\n\n\n<li>Endocranial spazm 4- life field<\/li>\n\n\n\n<li>Szkolenia z Medycyny Manualnej<\/li>\n\n\n\n<li>Medycyna manualna- Kr\u0119garstwo<\/li>\n\n\n\n<li>Chiroprakryka<\/li>\n\n\n\n<li>Klawipresura<\/li>\n\n\n\n<li>Nowoczesna Akupunktura Czaszki wg dr <strong>Yamamoto<\/strong><\/li>\n\n\n\n<li>USG narz\u0105du ruchu<\/li>\n\n\n\n<li>Hirudoterapia<\/li>\n\n\n\n<li>TERAPIA wisceralna wg prof. Ogulowa<\/li>\n\n\n\n<li>Bioenergoterapia<\/li>\n\n\n\n<li>Naturopatia<\/li>\n<\/ul>\n","protected":false},"excerpt":{"rendered":"<p>W konfrontacji strumienia ze ska\u0142\u0105 strumie\u0144 zawsze wygrywa nie przez sw\u0105 si\u0142\u0119 lecz przez swoj\u0105 wytrwa\u0142o\u015b\u0107 Budda Osteopata D.O. mgr Grzegorz Rybczy\u0144skiMistrz NaturopatiiTerapeuta Manualny Modelu Holistycznego Gabinet NaturoterapiiKrzy\u017c Wlkp. Wojska Polskiego 73tel. 691929048 Jestem Osteopat\u0105 oraz certyfikowanym terapeut\u0105 manualnym, a przede wszystkim specjalist\u0105 medycyny naturalnej. Od czas\u00f3w dzieci\u0144stwa by\u0142em obserwatorem [&hellip;]<\/p>\n","protected":false},"author":1,"featured_media":109,"parent":0,"menu_order":0,"comment_status":"closed","ping_status":"closed","template":"","meta":{"_themeisle_gutenberg_block_has_review":false,"footnotes":""},"class_list":["post-125","page","type-page","status-publish","has-post-thumbnail","hentry"],"_links":{"self":[{"href":"http:\/\/terapiabolu.org\/index.php\/wp-json\/wp\/v2\/pages\/125","targetHints":{"allow":["GET"]}}],"collection":[{"href":"http:\/\/terapiabolu.org\/index.php\/wp-json\/wp\/v2\/pages"}],"about":[{"href":"http:\/\/terapiabolu.org\/index.php\/wp-json\/wp\/v2\/types\/page"}],"author":[{"embeddable":true,"href":"http:\/\/terapiabolu.org\/index.php\/wp-json\/wp\/v2\/users\/1"}],"replies":[{"embeddable":true,"href":"http:\/\/terapiabolu.org\/index.php\/wp-json\/wp\/v2\/comments?post=125"}],"version-history":[{"count":16,"href":"http:\/\/terapiabolu.org\/index.php\/wp-json\/wp\/v2\/pages\/125\/revisions"}],"predecessor-version":[{"id":642,"href":"http:\/\/terapiabolu.org\/index.php\/wp-json\/wp\/v2\/pages\/125\/revisions\/642"}],"wp:featuredmedia":[{"embeddable":true,"href":"http:\/\/terapiabolu.org\/index.php\/wp-json\/wp\/v2\/media\/109"}],"wp:attachment":[{"href":"http:\/\/terapiabolu.org\/index.php\/wp-json\/wp\/v2\/media?parent=125"}],"curies":[{"name":"wp","href":"https:\/\/api.w.org\/{rel}","templated":true}]}}