{"id":251,"date":"2022-01-02T15:10:33","date_gmt":"2022-01-02T15:10:33","guid":{"rendered":"http:\/\/terapiabolu.org\/?page_id=251"},"modified":"2024-11-01T09:30:55","modified_gmt":"2024-11-01T09:30:55","slug":"reakcje-pozabiegowe","status":"publish","type":"page","link":"http:\/\/terapiabolu.org\/index.php\/reakcje-pozabiegowe\/","title":{"rendered":"Reakcje pozabiegowe"},"content":{"rendered":"\n<p>Reakcje pozabiegowe s\u0105 reakcj\u0105 organizmu w wyniku zadzia\u0142ania bod\u017aca leczniczego, kt\u00f3ry inicjuje procesy odruchowe na poziomie r\u00f3\u017cnych uk\u0142ad\u00f3w regulacyjnych. Pacjent powinien zapami\u0119ta\u0107 reakcje i opisa\u0107 je podczas nast\u0119pnej wizyty, gdy\u017c posiadaj\u0105 one bardzo du\u017c\u0105 warto\u015b\u0107 terapeutyczn\u0105 \u015bwiadcz\u0105c\u0105 o tym jaki uk\u0142ad regulacyjny bierze udzia\u0142 w powstawaniu dysfunkcji. Z regu\u0142y potrzebny b\u0119dzie wi\u0119cej ni\u017c jeden zabieg poniewa\u017c ust\u0105pienie dolegliow\u015bci b\u00f3lowych nie \u015bwiadczy o usuni\u0119ciu pierwotnej dysfukcji. A szybko\u015b\u0107 proces\u00f3w biologicznych organizmu w d\u0105\u017ceniu do odzyskania r\u00f3wnowagi ma swoje ograniczenia. Tak wi\u0119c proces terapeutyczny samoleczenia organizmu b\u0119dzie trwa\u0142 d\u0142ugo jeszcze po zako\u0144czeniu sesji terapeutycznych.<\/p>\n\n\n\n<p><strong>Najcz\u0119stsze reakcje pozabiegowe:<\/strong><\/p>\n\n\n\n<ol class=\"wp-block-list\">\n<li>Natychmiastowa poprawa \u2013 zmniejszenie lub ust\u0105pienie dolegliwo\u015bci b\u00f3lowych, poprawa zakresu ruchu, reakcje z autonomicznego uk\u0142adu nerwowego, zmiana topografii objaw\u00f3w. Stopniowe ust\u0119powanie resztek b\u00f3lu.<\/li>\n\n\n\n<li>Poprawa 2-3 godziny po zabiegu \u2013 do za\u015bni\u0119cia. Po przebudzeniu cz\u0119\u015bciowe pogorszenie nast\u0119pnie ust\u0119powanie w ci\u0105gu kilku godzin do oko\u0142o 3 dni.<\/li>\n\n\n\n<li>Poprawa zaraz po zabiegu nast\u0119pnego dnia poczucie rozbicia oraz liczne dolegliwo\u015bci o zmieniaj\u0105cym si\u0119 charakterze, obudzenie tzw. pami\u0119ci tkankowej i odtworzenie dolegliwo\u015bci z r\u00f3\u017cnych etap\u00f3w \u017cycia. W\u0142a\u015bciwa poprawa po 2-3 dobach od zabiegu, nawet do 7 dni.<\/li>\n\n\n\n<li>S\u0142aby efekt tu\u017c po zabiegu, ale stopniowe ust\u0119powanie dolegliwo\u015bci w ci\u0105gu nast\u0119pnych kilku dni. Je\u015bli sukcesywne poprawianie si\u0119 stanu ulegnie zatrzymaniu przewa\u017cnie potrzebny jest ponowny zabieg. W tym przypadku mo\u017ce by\u0107 potrzeba zastosowania wi\u0119cej ni\u017c 3 zabieg\u00f3w. Gdy\u017c poziom efekt\u00f3w terapeutycznych b\u0119dzie si\u0119 podnosi\u0142 z zabiegu na zabieg.<\/li>\n\n\n\n<li>Po kilkugodzinnej czasem kilkudniowej, spektakularnej poprawie pe\u0142ny nawr\u00f3t dolegliwo\u015bci \u2013 jest to sytuacja niezb\u0119dnie wymagaj\u0105ca \u201epoprawkowego\u201d zabiegu.<\/li>\n<\/ol>\n\n\n\n<p><strong>UWAGA!<\/strong><\/p>\n\n\n\n<p>W rzadkich przypadkach mo\u017ce doj\u015b\u0107 do pogorszenia si\u0119 stanu pacjenta do stopnia gorszego ni\u017c by\u0142 przed zabiegiem. Sytuacja ta wymaga niezb\u0119dnego kontaktu ze mn\u0105!<\/p>\n\n\n\n<p><strong>Sytuacja pogorszenia<\/strong> nie jest spowodowana prawdziwym uszkodzeniem pacjenta, lecz rozstrojeniem si\u0119 kt\u00f3rego\u015b z uk\u0142ad\u00f3w regulacyjnych. W przypadkach takich wystarczy przewa\u017cnie uspokoi\u0107 dany uk\u0142ad regulacyjny i po sprawie. Ponadto stan kryzysu u pacjenta ma te\u017c swoje zalety (oczywi\u015bcie dla terapeuty, nie pacjenta) \u2013 w stanie kryzysu mo\u017cna \u0142atwiej uchwyci\u0107 mechanizm zaburzenia i co za tym idzie ustali\u0107 w\u0142a\u015bciw\u0105 strategi\u0119 leczenia.<\/p>\n\n\n\n<p>Najgorszym sposobem post\u0119powania pacjenta w sytuacji pogorszenia wywo\u0142anego zabiegiem jest <strong>\u201epogniewanie si\u0119\u201d<\/strong> na lecz\u0105cego i poszukiwania pomocy u innych terapeut\u00f3w, kt\u00f3rzy nie wiedz\u0105c co by\u0142o zrobione podczas zabiegu mog\u0105 znale\u017a\u0107 si\u0119 w k\u0142opotliwej sytuacji. Zdecydowanie lepiej jest wr\u00f3ci\u0107 z <strong>\u201ereklamacj\u0105\u201d<\/strong> do tego kt\u00f3ry \u201ezepsu\u0142\u201d- on ma najwi\u0119ksz\u0105 szanse by za\u017cegna\u0107 problem.<\/p>\n","protected":false},"excerpt":{"rendered":"<p>Reakcje pozabiegowe s\u0105 reakcj\u0105 organizmu w wyniku zadzia\u0142ania bod\u017aca leczniczego, kt\u00f3ry inicjuje procesy odruchowe na poziomie r\u00f3\u017cnych uk\u0142ad\u00f3w regulacyjnych. Pacjent powinien zapami\u0119ta\u0107 reakcje i opisa\u0107 je podczas nast\u0119pnej wizyty, gdy\u017c posiadaj\u0105 one bardzo du\u017c\u0105 warto\u015b\u0107 terapeutyczn\u0105 \u015bwiadcz\u0105c\u0105 o tym jaki uk\u0142ad regulacyjny bierze udzia\u0142 w powstawaniu dysfunkcji. Z regu\u0142y potrzebny [&hellip;]<\/p>\n","protected":false},"author":1,"featured_media":94,"parent":0,"menu_order":0,"comment_status":"closed","ping_status":"closed","template":"","meta":{"_themeisle_gutenberg_block_has_review":false,"footnotes":""},"class_list":["post-251","page","type-page","status-publish","has-post-thumbnail","hentry"],"_links":{"self":[{"href":"http:\/\/terapiabolu.org\/index.php\/wp-json\/wp\/v2\/pages\/251","targetHints":{"allow":["GET"]}}],"collection":[{"href":"http:\/\/terapiabolu.org\/index.php\/wp-json\/wp\/v2\/pages"}],"about":[{"href":"http:\/\/terapiabolu.org\/index.php\/wp-json\/wp\/v2\/types\/page"}],"author":[{"embeddable":true,"href":"http:\/\/terapiabolu.org\/index.php\/wp-json\/wp\/v2\/users\/1"}],"replies":[{"embeddable":true,"href":"http:\/\/terapiabolu.org\/index.php\/wp-json\/wp\/v2\/comments?post=251"}],"version-history":[{"count":12,"href":"http:\/\/terapiabolu.org\/index.php\/wp-json\/wp\/v2\/pages\/251\/revisions"}],"predecessor-version":[{"id":577,"href":"http:\/\/terapiabolu.org\/index.php\/wp-json\/wp\/v2\/pages\/251\/revisions\/577"}],"wp:featuredmedia":[{"embeddable":true,"href":"http:\/\/terapiabolu.org\/index.php\/wp-json\/wp\/v2\/media\/94"}],"wp:attachment":[{"href":"http:\/\/terapiabolu.org\/index.php\/wp-json\/wp\/v2\/media?parent=251"}],"curies":[{"name":"wp","href":"https:\/\/api.w.org\/{rel}","templated":true}]}}