{"id":357,"date":"2022-01-05T06:59:03","date_gmt":"2022-01-05T06:59:03","guid":{"rendered":"http:\/\/terapiabolu.org\/?page_id=357"},"modified":"2022-01-05T06:59:04","modified_gmt":"2022-01-05T06:59:04","slug":"pediatria","status":"publish","type":"page","link":"http:\/\/terapiabolu.org\/index.php\/pediatria\/","title":{"rendered":"Pediatria"},"content":{"rendered":"\n<p><strong>Osteopatia w pediatrii<\/strong><\/p>\n\n\n\n<p>W terapii pediatrycznej wykorzystuje si\u0119 g\u0142\u00f3wnie delikatne osteopatyczne techniki TERAPII CZASZKOWO-KRZY\u017bOWEJ, OSTEOPATII WISCERALNEJ- manipulacji w obr\u0119bie narz\u0105d\u00f3w wewn\u0119trznych, struktur uk\u0142adu nerwowego obwodowego jak i centralnego, narz\u0105du ruchu w tym systemu powi\u0119ziowego oraz po\u0142\u0105czenie powy\u017cszych metod z strefami odruchowej lokomocji stosowanymi w metodzie VOJTY a tak\u017ce innych metod neurorozwojowych.<\/p>\n\n\n\n<p><strong>Przyk\u0142ady zaburze\u0144 poddawanych terapii manualnej pediatrycznej:<\/strong><\/p>\n\n\n\n<ul class=\"wp-block-list\"><li>pora\u017cenie splotu barkowego<\/li><li>kr\u0119cz szyjny<\/li><li>asymetria napi\u0119cia mi\u0119\u015bniowego<\/li><li>zwi\u0119kszone lub obni\u017cone napi\u0119cie mi\u0119\u015bniowe<\/li><li>zniekszta\u0142cenie g\u0142\u00f3wki i twarzoczaszki<\/li><li>niedotlenienie oko\u0142oporodowe i poporodowe<\/li><li>autyzm<\/li><li>problemy z nauk\u0105<\/li><li>cz\u0119ste stany zapalne zatok<\/li><li>obni\u017cenie odporno\u015bci<\/li><li>zaburzenia mowy i s\u0142uchu<\/li><li>op\u00f3\u017anienia rozwojowe<\/li><li>zaburzenia widzenia<\/li><li>wodog\u0142owie<\/li><li>rozszczep kr\u0119gos\u0142upa, przepuklina oponowo-rdzeniowa<\/li><li>m\u00f3zgowe pora\u017cenie dzieci\u0119ce<\/li><\/ul>\n\n\n\n<figure class=\"wp-block-gallery columns-3 is-cropped wp-block-gallery-1 is-layout-flex wp-block-gallery-is-layout-flex\"><ul class=\"blocks-gallery-grid\"><li class=\"blocks-gallery-item\"><figure><img loading=\"lazy\" decoding=\"async\" width=\"720\" height=\"960\" src=\"http:\/\/terapiabolu.org\/wp-content\/uploads\/2021\/12\/grzegorz_rybczynski_medycyna_manualna_0016.jpg\" alt=\"\" data-id=\"119\" data-full-url=\"http:\/\/terapiabolu.org\/wp-content\/uploads\/2021\/12\/grzegorz_rybczynski_medycyna_manualna_0016.jpg\" data-link=\"http:\/\/terapiabolu.org\/grzegorz_rybczynski_medycyna_manualna_0016\/\" class=\"wp-image-119\" srcset=\"http:\/\/terapiabolu.org\/wp-content\/uploads\/2021\/12\/grzegorz_rybczynski_medycyna_manualna_0016.jpg 720w, http:\/\/terapiabolu.org\/wp-content\/uploads\/2021\/12\/grzegorz_rybczynski_medycyna_manualna_0016-225x300.jpg 225w\" sizes=\"auto, (max-width: 720px) 100vw, 720px\" \/><\/figure><\/li><li class=\"blocks-gallery-item\"><figure><img loading=\"lazy\" decoding=\"async\" width=\"716\" height=\"960\" src=\"http:\/\/terapiabolu.org\/wp-content\/uploads\/2021\/12\/grzegorz_rybczynski_medycyna_manualna_0015.jpg\" alt=\"\" data-id=\"118\" data-full-url=\"http:\/\/terapiabolu.org\/wp-content\/uploads\/2021\/12\/grzegorz_rybczynski_medycyna_manualna_0015.jpg\" data-link=\"http:\/\/terapiabolu.org\/grzegorz_rybczynski_medycyna_manualna_0015\/\" class=\"wp-image-118\" srcset=\"http:\/\/terapiabolu.org\/wp-content\/uploads\/2021\/12\/grzegorz_rybczynski_medycyna_manualna_0015.jpg 716w, http:\/\/terapiabolu.org\/wp-content\/uploads\/2021\/12\/grzegorz_rybczynski_medycyna_manualna_0015-224x300.jpg 224w\" sizes=\"auto, (max-width: 716px) 100vw, 716px\" \/><\/figure><\/li><li class=\"blocks-gallery-item\"><figure><img loading=\"lazy\" decoding=\"async\" width=\"720\" height=\"960\" src=\"http:\/\/terapiabolu.org\/wp-content\/uploads\/2021\/12\/grzegorz_rybczynski_medycyna_manualna_0017.jpg\" alt=\"\" data-id=\"120\" data-full-url=\"http:\/\/terapiabolu.org\/wp-content\/uploads\/2021\/12\/grzegorz_rybczynski_medycyna_manualna_0017.jpg\" data-link=\"http:\/\/terapiabolu.org\/grzegorz_rybczynski_medycyna_manualna_0017\/\" class=\"wp-image-120\" srcset=\"http:\/\/terapiabolu.org\/wp-content\/uploads\/2021\/12\/grzegorz_rybczynski_medycyna_manualna_0017.jpg 720w, http:\/\/terapiabolu.org\/wp-content\/uploads\/2021\/12\/grzegorz_rybczynski_medycyna_manualna_0017-225x300.jpg 225w\" sizes=\"auto, (max-width: 720px) 100vw, 720px\" \/><\/figure><\/li><\/ul><\/figure>\n","protected":false},"excerpt":{"rendered":"<p>Osteopatia w pediatrii W terapii pediatrycznej wykorzystuje si\u0119 g\u0142\u00f3wnie delikatne osteopatyczne techniki TERAPII CZASZKOWO-KRZY\u017bOWEJ, OSTEOPATII WISCERALNEJ- manipulacji w obr\u0119bie narz\u0105d\u00f3w wewn\u0119trznych, struktur uk\u0142adu nerwowego obwodowego jak i centralnego, narz\u0105du ruchu w tym systemu powi\u0119ziowego oraz po\u0142\u0105czenie powy\u017cszych metod z strefami odruchowej lokomocji stosowanymi w metodzie VOJTY a tak\u017ce innych metod [&hellip;]<\/p>\n","protected":false},"author":1,"featured_media":121,"parent":0,"menu_order":0,"comment_status":"closed","ping_status":"closed","template":"","meta":{"_themeisle_gutenberg_block_has_review":false,"footnotes":""},"class_list":["post-357","page","type-page","status-publish","has-post-thumbnail","hentry"],"_links":{"self":[{"href":"http:\/\/terapiabolu.org\/index.php\/wp-json\/wp\/v2\/pages\/357","targetHints":{"allow":["GET"]}}],"collection":[{"href":"http:\/\/terapiabolu.org\/index.php\/wp-json\/wp\/v2\/pages"}],"about":[{"href":"http:\/\/terapiabolu.org\/index.php\/wp-json\/wp\/v2\/types\/page"}],"author":[{"embeddable":true,"href":"http:\/\/terapiabolu.org\/index.php\/wp-json\/wp\/v2\/users\/1"}],"replies":[{"embeddable":true,"href":"http:\/\/terapiabolu.org\/index.php\/wp-json\/wp\/v2\/comments?post=357"}],"version-history":[{"count":7,"href":"http:\/\/terapiabolu.org\/index.php\/wp-json\/wp\/v2\/pages\/357\/revisions"}],"predecessor-version":[{"id":364,"href":"http:\/\/terapiabolu.org\/index.php\/wp-json\/wp\/v2\/pages\/357\/revisions\/364"}],"wp:featuredmedia":[{"embeddable":true,"href":"http:\/\/terapiabolu.org\/index.php\/wp-json\/wp\/v2\/media\/121"}],"wp:attachment":[{"href":"http:\/\/terapiabolu.org\/index.php\/wp-json\/wp\/v2\/media?parent=357"}],"curies":[{"name":"wp","href":"https:\/\/api.w.org\/{rel}","templated":true}]}}